32. Let h(f) = 691*f**2 + 13*f - 1. Is h(y) prime?
True
Let b = 482 + 6887. Is b prime?
True
Suppose 17*g + 5*g - 4395523 = 767283. Is g composite?
False
Let l(k) = 121*k + 4609. Is l(82) a prime number?
False
Let q = 1635812 - 808509. Is q prime?
True
Suppose 4*v = -28, -k - 27*v + 29*v + 213081 = 0. Is k composite?
False
Suppose -6*j + 1416 = -828. Let d be (j/66)/((-2)/276). Let o = 35 - d. Is o composite?
True
Let p = 61 - 40. Suppose -6*z + p = 3. Let i(v) = 152*v - 19. Is i(z) prime?
False
Suppose 27*o = o + 2*o. Let q = 1 + -1. Is 2345/5 - (q + o) prime?
False
Suppose -3*m + 4*m - 164 = -4*x, 0 = -x + 4*m + 24. Let k = x - 35. Suppose 5 = 5*o, 4356 = -k*q + 8*q + 3*o. Is q a composite number?
False
Let r = -311 - -321. Suppose 7510 = -5*w + r*w. Is w composite?
True
Suppose -q - 5*y - 2521 = -2*q, -12605 = -5*q - y. Let i = 1278 + q. Is i a prime number?
False
Let d = -5 + 9. Suppose 2*v = -3*z + 2861, -d*v = 4*z - 8*v - 3808. Is z a composite number?
False
Let o(u) = -53*u**3 - 5*u**2 - 5*u - 1. Suppose 5*q + 5*a - 5 = 5, -4*q + 3*a = 6. Let l be (q - 1)*3 + (2 - 1). Is o(l) a composite number?
True
Let l be (-11)/2 + (-48)/(-32). Is 7/(l - 346/(-86)) prime?
False
Let y = 11 - 6. Suppose y*q - 9*j = -7*j + 60939, 2 = -j. Is q prime?
False
Let x be (2/(-2)*(-7 + 7))/(-1). Suppose x = -c + 37 - 36, -3*h = 4*c - 3883. Is h a composite number?
True
Let q(l) = l**2 - 22*l + 108. Let w be q(15). Suppose -9*v + 6*v + 5*b + 37561 = 0, -37589 = -w*v - 2*b. Is v a composite number?
False
Let n(c) = 4*c**3 - 31*c**2 - 26*c - 4. Is n(21) a composite number?
True
Let k = 28618 - 11373. Is k a composite number?
True
Suppose 3*t + 491552 = 4*a, 614451 = 5*a + 4*t - 5*t. Is a prime?
True
Let w = 72 + -100. Is 2389/7 + w/98 prime?
False
Let b = -392 - -14661. Is b a composite number?
True
Let r be 35078/12 - ((-35)/(-30) + -1). Let n = 12726 - r. Is n a composite number?
False
Let l = 307494 + -203003. Is l prime?
True
Let n(h) = 84*h**2 + 65*h - 1. Is n(16) prime?
True
Let w(y) = 90*y + 1. Let i(j) = -2*j - 1. Let q be i(-3). Is w(q) a composite number?
True
Let g be 3/6*4*7/14. Let f(v) = -95*v - 39. Let b(q) = q + 1. Let n(a) = g*f(a) + 2*b(a). Is n(-7) a composite number?
True
Let d(q) = 1. Let h(o) = 11*o**2 - 4*o - 6. Let z(t) = 5*d(t) + h(t). Let g be z(-1). Suppose 5585 = g*u - 9*u. Is u a composite number?
False
Suppose 5 = 3*k - 4. Let v(f) = f**2 - 2*f - 43. Let o be v(-6). Suppose -k*r - o*r = -10760. Is r composite?
True
Is 5 + 85848 + ((-38)/6 - (-35)/105) a prime number?
True
Is (8279840/96)/(20/24) a prime number?
False
Let d be (2/10 - -5) + (-1)/5. Suppose d*n + 2*f - 2 = 4, -9 = 5*n - 3*f. Suppose -4*j = -n*j - 3628. Is j a prime number?
True
Let w be (-7)/(-14)*(-2 + 1 + 1). Let o be 64/(-32)*(w + (-5)/2). Suppose -o*j + 5*l + 3090 = 0, -4*l + 1232 = 2*j - 7*l. Is j a prime number?
False
Let h be -6 - (-11)/2 - 10/(-4). Let y = 17 - 15. Suppose 6*x = -y*q + h*x + 3838, -1917 = -q - 4*x. Is q composite?
True
Let s = -1395444 - -2020711. Is s a prime number?
True
Suppose 0 = -24*m - 7*m + 8803938. Suppose m = 22*x + 56*x. Is x a prime number?
False
Suppose 18822 = 3*c - 50760. Suppose 16*k - 14*k - c = 0. Is k a composite number?
False
Let g be (-3 - 2)/(-5)*4. Suppose 4*q + g*a - 40 = 0, 3*a + 2*a = 0. Suppose -q*s = s - 32131. Is s a composite number?
True
Let d = 4 - -8. Suppose -d*x + 4*x + 14864 = 0. Is x composite?
True
Let p = 261141 + -108158. Is p prime?
False
Let d(j) = -383*j + 4. Let g be (-4*17/(-4))/(-1). Let w(f) = 1150*f - 12. Let t(l) = g*d(l) - 6*w(l). Is t(-1) a composite number?
True
Suppose 5*w + 26 = 4*j, 23 = 5*j - 3*w - 3. Suppose 0 = q + 5*h - j, 2*h - 3*h + 20 = q. Suppose 22*r + 3598 = q*r. Is r a prime number?
False
Let n be (10/15)/(3/(-630)). Is (-170485)/n*1*4 a composite number?
False
Let r = 38125 + 34884. Is r composite?
False
Let g = 759221 + 395838. Is g composite?
True
Is 18187550/110 + (-60)/165 composite?
True
Is ((22 - 31) + 6342)*3/9 composite?
False
Let t(k) = -956*k**2 - 2. Let y be t(2). Let z = y - -1825. Let s = -1060 - z. Is s composite?
False
Let s(f) = f**3 - 7*f**2 + 12*f + 1. Let n be s(5). Suppose 8*t = n*t - 213. Is t a prime number?
True
Let u = -40412 - -199171. Is u a composite number?
False
Suppose -2830751 + 2410226 = 22*f - 12344635. Is f prime?
False
Suppose -22 = -5*n + 5*b - 2, b + 20 = 5*n. Suppose -39 = -2*i - 31, -n*m + 11336 = i. Is m prime?
True
Let r = -167 + 183. Suppose -r*m = -183 - 3833. Is m a composite number?
False
Suppose -56*q - 12 = -59*q. Suppose -q*l + 39690 = 2*u, 59*l - 64*l = -3*u - 49618. Is l a composite number?
False
Let b(j) = j**2 + 18*j + 36. Suppose 2*m = -2*i - 38, 3*m - 3*i = 8*m + 85. Let g be b(m). Is 885 + g/25*(1 + -6) composite?
True
Suppose 5*a - 1188 = -22*a. Suppose a*j = 41*j + 72213. Is j prime?
True
Let p = 219 - 98. Suppose 1654 = -119*b + p*b. Suppose -h + 314 = -b. Is h a prime number?
False
Is (13/4 - 0)*(2134 + -186) a composite number?
True
Let z(g) be the first derivative of 187*g**2/2 - 24*g - 4. Let u be z(4). Suppose -861 - u = -5*d. Is d prime?
True
Let j(t) = t**2 + 9*t - 23. Let s be j(-13). Suppose -31 = -m - s. Suppose 282 = m*k - 116. Is k prime?
True
Suppose 7*g - 10*g + 18 = 0, 3*g + 100353 = 3*b. Is b a prime number?
True
Suppose -2*m - 4*f = -72 - 42206, -5*m + 4*f + 105625 = 0. Let s = m + -8602. Is s prime?
True
Suppose -i + 8 = v, -4*i = -5*i - 2*v + 6. Let m = -13 + i. Is ((-1876)/6)/(2/m) prime?
False
Is (-25)/(400/(-931232))*7/2 composite?
True
Let j = 5256 - 1572. Let u = -1033 + j. Is u a prime number?
False
Suppose 0 = -75*x + 161*x - 74*x - 3549228. Is x a prime number?
True
Let v = -78 - -85. Let b(d) = 136*d**3 - 11*d**2 - 19*d + 19. Is b(v) a composite number?
True
Is 3*(3675802/(-3))/(-26) a prime number?
False
Let v(t) = -3*t**2 - 25*t - 20. Let q(h) = 4*h**2 + 26*h + 21. Let a(y) = -2*q(y) - 3*v(y). Let z be a(-22). Is z/((-8)/1566) + (-12)/(-3) prime?
True
Is -1*(-142001 + -96)*(1 + 0) a composite number?
False
Suppose -107*f + 192 = -123*f. Let x = 689 + f. Is x a prime number?
True
Let v = 147896 + -104949. Is v a composite number?
True
Let s(m) = 28823*m + 932. Is s(7) a composite number?
False
Let j = 322511 - 84514. Is j a composite number?
False
Suppose -2*a = 2*t - 434, 4*t + 4*a + a = 870. Suppose 5*z - 802 = -3*l, 0 = -3*l + z + 1005 - t. Let h = l + 3125. Is h prime?
True
Suppose -16*d = -3*f - 20*d + 1620923, -2*d = -4. Is f prime?
False
Suppose -4*f - 4 = 0, -10*r + f = -8*r - 6621. Suppose -496*a + 494*a = -r. Is a a composite number?
True
Let p = -336 + 471. Suppose 4474 = p*q - 133*q. Is q prime?
True
Suppose z = 5*z + 120. Is 18/z - 76/(-10) a composite number?
False
Let p = -85 + 73. Let n be ((-5)/(-10) + -1)*p. Suppose -5*d = -n*d + 1211. Is d prime?
False
Suppose -5*v - 26 = -1. Let x = 10 + v. Suppose -5*t + 10485 = x*w, 3*w + t - 4*t - 6279 = 0. Is w a prime number?
False
Suppose -v = 2*z - 22382, 8*z + 2*v = 7*z + 11188. Let r = z - 7053. Is r prime?
True
Let t = 328075 - 224238. Is t a composite number?
False
Let c(z) = z**2 + 1. Let i(s) = 9*s**2 - 7*s - 14. Let u(y) = c(y) + i(y). Let a(p) = -p**2 + 19*p - 82. Let d be a(5). Is u(d) composite?
False
Let i(z) = 9238*z - 3151. Is i(15) a composite number?
True
Suppose -15*l = -4*k - 12*l + 27, 0 = 5*k - 4*l - 35. Suppose 0 = -k*f + 6*c - 2*c + 2763, -3*c = -2*f + 1843. Is f a composite number?
True
Is (-5)/1*((-476868460)/7975 + (-2)/11) a composite number?
True
Suppose -20 + 29 = 3*a. Suppose p + a*q = 5*p, 0 = -p - 5*q. Suppose p = -4*f + u + u + 4978, -2492 = -2*f + 2*u. Is f prime?
False
Let v(q) = 118*q**2 + 29*q + 322. Is v(-11) a prime number?
True
Let g = -1419 - -988. Let j be -60 + 55 + 182*(-115)/(-10). Let l = j + g. Is l a prime number?
True
Let o(u) = 4*u - 102. Let b be o(26). Suppose -3*q - 51450 = -3*h, b*q - 3*q + 85732 = 5*h. Is h prime?
False
Suppose -13412 = -20*v + 55116 + 627012. Is v prime?
False
Let g = -139 + 5526. Is g a prime number?
True
Let n(a) = a**3 - 11*a**2 - 10*a - 14. Let z be n(12). Let s(p) = 32*p + 15. Let c be s(z). Suppose 2*l = -3*l + c. Is l composite?
False
Is (3/((-9)/((-7721388)/(-16))))/(33/(-44)) composite?
False
Let u(m) = 38025*m**3 - 2*m**2 + 32*m - 63. Is u(2) prime?